ppose 0*t + 3*a - 15 = -3*t, -y*t = 5*a - 22. Suppose n = t*n - 56. Calculate the highest common factor of n and 42.
14
Let j = 27 + 8. Let h = j - 11. What is the greatest common factor of h and 24?
24
Suppose -244 = -5*n + 31. Calculate the greatest common divisor of 5 and n.
5
Suppose -2 - 284 = -z. Calculate the highest common divisor of 26 and z.
26
Let g = -12 + 6. Let x be (-123)/g + (-5)/10. Calculate the highest common divisor of x and 50.
10
Suppose -2*q - 15 = 3*q. Let r be (q/(-2))/(4/264). Let v = -64 + r. Calculate the greatest common factor of v and 14.
7
Let f be 2 + (4 - (1 - 1)). Let x(g) = -3*g**3 - g**2. Let j be x(-1). Let d be (-2 + 2)/j - -4. Calculate the highest common divisor of f and d.
2
Let q be 78/65*(0 + 560/6). Suppose 50 = 5*s + 4*g, 3*s - 20 = -2*g + 12. What is the greatest common divisor of q and s?
14
Let h be 4/(4 + 76/(-20)). What is the highest common factor of 160 and h?
20
Let b be (-1)/(-1) - (-23 + 22). Let g be 12/(-5)*30/(-4). Calculate the highest common factor of b and g.
2
Let f be 1 + -3 + 16 + 1. Suppose -2*v + 8 = -6*v. Let g be 6/(-4) - f/v. Calculate the highest common divisor of 42 and g.
6
Let r = 2 + -1. Let x = 204 - 202. Calculate the highest common factor of r and x.
1
Let m(s) = -s**3 - 9*s**2 - 9*s - 12. Let p be m(-8). Let z = -4 - p. Let a = z - -1. What is the highest common divisor of 1 and a?
1
Let h(w) = -47*w - 1. Let j be h(-3). What is the greatest common divisor of j and 20?
20
Let l = -11 - -17. Suppose -l = -m - 0*m. Calculate the highest common divisor of 66 and m.
6
Let o(p) = -p**2 - 5*p + 5. Let s be o(-5). Suppose -s*k = -3*k - 18. Calculate the greatest common divisor of k and 72.
9
Suppose 0 = 3*i + 3*y - 190 - 209, y - 5 = 0. Calculate the greatest common factor of i and 48.
16
Let y be (-3)/(63/(-6)) - 4225/(-35). What is the highest common divisor of y and 11?
11
Suppose 20 = 3*t - 28. Suppose -2*j = 3*j - 475. Let b = j + -31. What is the greatest common divisor of b and t?
16
Let o be (8/4)/2*154. Let i be (6 + 0 - -13) + 3/1. Calculate the highest common factor of o and i.
22
Suppose 0 = -2*q - 0*q - 10, -2*q + 105 = 5*h. Let g(p) = 3*p**2 + 4*p - 3. Let i be g(5). Calculate the greatest common factor of i and h.
23
Suppose 0 = 2*m + 2*u - 100, 4*u + 12 + 28 = m. What is the highest common factor of m and 60?
12
Let b = 11 - 1. Calculate the greatest common factor of 110 and b.
10
Let t(d) = -7*d - 3. Let x be t(-2). Let p be 17 - (4 + (-6 - -4)). Let n = p - -7. Calculate the greatest common factor of n and x.
11
Let t(w) be the first derivative of w**2/2 - 4*w + 4. Let f be t(9). Suppose 0 = 3*h - 3, -s + 77 = 3*s + f*h. Calculate the greatest common factor of 6 and s.
6
Suppose -72 = 3*p - 3*v, 0*p + 5*v = p + 28. Let x = 39 + p. Let o = -11 - -15. Calculate the greatest common factor of x and o.
4
Suppose -40 = -0*v - 2*v. Let o(l) = 19*l**3 + l**2 + 2*l - 2. Let i be o(1). Calculate the highest common divisor of i and v.
20
Suppose -6 = -2*u, 3*p - 2*u + 24 = 4*p. Let k be -36*3*(-2)/p. Calculate the highest common factor of 12 and k.
12
Suppose 3*p + p - 74 = 2*m, p - m - 21 = 0. Suppose 3*d - 126 + 537 = 0. Let s = d + 313. Calculate the greatest common factor of s and p.
16
Suppose 0 = 9*f + f - 50. What is the greatest common divisor of 45 and f?
5
Suppose 3*s = 4*b - 52, -3*b + 31 = -s - 3. Let h = -3 + 3. Let g be (-10)/8*(-8 + h). What is the greatest common divisor of b and g?
10
Let d(t) = -t**2 - 15*t + 30. Let q be d(-14). Calculate the greatest common divisor of q and 11.
11
Suppose 0*l = l - 18. Suppose 0 = -5*x + 5, 4*p = p + 5*x + 10. Suppose 1 = -n - 2*w, -p*w + 2 = 6*n - 3*n. Calculate the highest common factor of l and n.
9
Let h = -78 + 188. Suppose -4*u + 2*u = -20. What is the greatest common factor of h and u?
10
Let o(w) = -14*w - 9. Let x be o(-6). Let s = -10 + 40. Calculate the highest common factor of x and s.
15
Let q = 432 - 633. Let z be 0 + (-2 - q) - 1. What is the highest common divisor of 18 and z?
18
Let i be -3 + 5 - (-1 - -1) - -83. Calculate the greatest common divisor of 34 and i.
17
Let q = 79 + -67. Let h be (-2)/4 - 73/(-2). What is the highest common divisor of h and q?
12
Let s = 9 - 5. Let k = 16 + 8. What is the greatest common factor of k and s?
4
Let n be (128/(-60) - -2) + 2948/60. What is the highest common divisor of n and 7?
7
Let x = 41 - 16. What is the highest common factor of x and 10?
5
Suppose -3 = 2*d - 55. Let h = -481 + 767. Calculate the greatest common factor of h and d.
26
Let y = 17 + -9. Calculate the highest common divisor of y and 24.
8
Let d be 1/((-159)/80 - -2). Suppose -5*j = -l + 17, 2*j + j + 2*l + 5 = 0. Let n be ((-2)/j)/((-2)/(-24)). Calculate the greatest common factor of d and n.
8
Let h(b) = 3*b - 7. Let p be h(4). Suppose 2*v = 4*m - 140, p*v = -m - 3*m + 126. What is the highest common factor of 51 and m?
17
Suppose 4 = 2*y - 2. Suppose -2*u = -17 - 31. Calculate the highest common factor of y and u.
3
Suppose v + g - 3 + 2 = 0, -2*v + 4*g + 32 = 0. Calculate the highest common divisor of 6 and v.
6
Let f(s) = -2*s + 1. Let w be f(-6). Let a = -8 + w. Suppose 4*h - a*h + 15 = 0. Calculate the greatest common factor of 135 and h.
15
Suppose -2*c - 5*x = -19, -4*c + x + x = 22. Let w be 17/(-3) + (-2)/c. Let i = 11 + w. Calculate the highest common divisor of 24 and i.
6
Let o = -165 - -181. Calculate the highest common divisor of 224 and o.
16
Suppose 5*s = 3*m - 16, 0*m - s - 12 = -5*m. Let f be (m - 1)/((-1)/(-17)). Calculate the highest common factor of 85 and f.
17
Let p be (4/6)/((-2)/(-36)). Let g = -18 - -60. Let k be (-1 - -8)*108/g. Calculate the highest common divisor of k and p.
6
Suppose -5*i + 5*s = -840, -554 - 286 = -5*i - 5*s. Suppose -4*p + p + i = 0. Suppose -z + 4 = -10. What is the greatest common factor of z and p?
14
Let m = -3 + 9. Suppose 18 - m = 2*j. What is the greatest common factor of j and 12?
6
Let l be (330/(-7))/((-2)/14). What is the highest common factor of l and 30?
30
Let z be 9/2*(-2)/(-3). Suppose z*f = 4*b + 38, -2*f - 5*b - 8 - 5 = 0. Calculate the highest common factor of f and 3.
3
Let i be (1/3)/(2/12). Suppose -2*f + 6 = 4*o, -i*f + 38 = 2*f - 5*o. Let t = 15 - f. Calculate the greatest common factor of t and 4.
4
Let n = -5 + 2. Let k(v) be the third derivative of -v**4/24 - v**3/3 - 5*v**2. Let g be k(n). What is the greatest common divisor of 7 and g?
1
Let m = -10 - -19. Let x = 2 + m. What is the greatest common divisor of 99 and x?
11
Suppose -4*l - q = 166 + 271, 0 = -4*l - 3*q - 439. Let c be 2/10 + l/(-5). Suppose 71 = -4*h + 863. Calculate the highest common factor of c and h.
22
Let y be 1 + 7 - 1/(-1). Let j be (-1*(0 + 0))/1. Suppose j = -0*s + 3*s - y. What is the greatest common divisor of s and 21?
3
Let b(z) = -2 + z**2 + 4 + 6 + 7*z. Let p be b(-6). Let r = -18 - -28. What is the greatest common divisor of r and p?
2
Let f = 25 + -30. Let n be (12/(-15))/(f/300). Suppose 61 = 2*p + 3*t, -5*p + 103 = 2*t - 55. Calculate the highest common divisor of p and n.
16
Let d = 48 - 19. What is the highest common divisor of 87 and d?
29
Suppose c + 0*c = -2*s + 193, s = 2. Calculate the highest common factor of 21 and c.
21
Let u = 50 - 0. What is the greatest common divisor of 10 and u?
10
Suppose 5*q = q. Let o(y) = y**2 + 20. Let z be o(q). Let w(m) = 8*m**2 - m + 1. Let i be w(1). Calculate the highest common divisor of i and z.
4
Let x be (38 + 2)/((-2)/(-3)). Suppose 5*s + 21 + 9 = -y, -2*y = 2*s + x. Let j be (5/(-3))/(5/y). What is the greatest common divisor of j and 50?
10
Suppose 2 = 2*m - 2. Let y be (15/(-2))/((-1)/m). What is the greatest common divisor of 6 and y?
3
Let n(w) = -w - 4. Let y be n(-8). Calculate the greatest common factor of y and 36.
4
Let u be (180/(-16))/(3/(-8)). Suppose 2*r - 7*r = 45. Let g be (-29)/r - 4/18. What is the greatest common divisor of u and g?
3
Let b(c) = -2*c**3 - 8*c**2 - 5*c - 3. Let z be b(-5). Let l = -36 - -44. What is the greatest common factor of l and z?
8
Let u(c) be the second derivative of 7*c**5/10 + c**4/12 - 2*c. Let q be u(1). Let h be (q/(-6) + 2)*-10. What is the greatest common divisor of h and 25?
5
Let g be (-672)/(-15) + (-3)/(-15). Let o = 111 -